{"id":100,"date":"2024-03-26T16:33:05","date_gmt":"2024-03-26T16:33:05","guid":{"rendered":"https:\/\/topchometro.com.es\/index.php\/producto\/b00552k0gm\/"},"modified":"2024-03-26T16:33:05","modified_gmt":"2024-03-26T16:33:05","slug":"b00552k0gm","status":"publish","type":"product","link":"https:\/\/topchometro.com.es\/index.php\/producto\/b00552k0gm\/","title":{"rendered":"B00552K0GM"},"content":{"rendered":"<p>&#8211; Rat\u00f3n Compacto: con una forma c\u00f3moda y contorneada, este rat\u00f3n inal\u00e1mbrico ambidiestro de Logitech se adapta tanto a la mano derecha como a la izquierda y es superior a un touchpad<br \/>\n&#8211; Duradero y Fiable: el rat\u00f3n USB cuenta con una rueda y hasta 1 a\u00f1o de duraci\u00f3n de la bater\u00eda (2) gracias a una funci\u00f3n de modo de suspensi\u00f3n inteligente, y viene con la bater\u00eda AA incluida<br \/>\n&#8211; Compatibilidad Universal: el rat\u00f3n Logitech funciona con tu PC Windows, Mac o port\u00e1til, por lo que no importa el tipo de ordenador que tengas o que compres, este rat\u00f3n ser\u00e1 compatible<br \/>\n&#8211; Simplicidad Plug and Play: conecta el peque\u00f1o nano receptor USB y empieza a trabajar r\u00e1pidamente, con una conexi\u00f3n buena y fiable con tu rat\u00f3n inal\u00e1mbrico y un radio de hasta 10m (5)<br \/>\n&#8211; Mejor que Touchpad: seg\u00fan un estudio, los usuarios de pc port\u00e1til que eligieron M185 en vez de touchpad fueron 50 por ciento m\u00e1s productivos (3) y trabajaron 30 por ciento m\u00e1s r\u00e1pido(4)<br \/>\n&#8211; Peque\u00f1o y Port\u00e1til: el tama\u00f1o y el suave control del cursor hacen que el rat\u00f3n inal\u00e1mbrico sea adecuado para manos peque\u00f1as y medianas, espacios reducidos o escritorios desordenados<br \/>\n&#8211; Actual\u00edzate al Rat\u00f3n Inal\u00e1mbrico Logitech M235: m\u00e1s comodidad con las suaves empu\u00f1aduras de goma de M235, el USB multiperif\u00e9rico y el indicador luminoso del estado de la bater\u00eda<br \/>\n&#8211; En la caja: Rat\u00f3n, Nano receptor, 1 pila AA (preinstalada), Documentaci\u00f3n del usuario.<\/p>\n","protected":false},"excerpt":{"rendered":"<p><b>Logitech M185 Rat\u00f3n Inal\u00e1mbrico, 2.4GHz con Mini Receptor USB, Bater\u00eda de 12 Meses, Seguimiento \u00d3ptico con Resoluci\u00f3n de 1000 dpi, Ambidiestro, Compatible con PC, Mac, Port\u00e1til &#8211; Gris<\/b><\/p>\n","protected":false},"featured_media":99,"comment_status":"open","ping_status":"closed","template":"","meta":[],"product_cat":[18],"product_tag":[],"class_list":{"0":"post-100","1":"product","2":"type-product","3":"status-publish","4":"has-post-thumbnail","6":"product_cat-sin-categorizar","8":"first","9":"instock","10":"shipping-taxable","11":"product-type-external"},"_links":{"self":[{"href":"https:\/\/topchometro.com.es\/index.php\/wp-json\/wp\/v2\/product\/100","targetHints":{"allow":["GET"]}}],"collection":[{"href":"https:\/\/topchometro.com.es\/index.php\/wp-json\/wp\/v2\/product"}],"about":[{"href":"https:\/\/topchometro.com.es\/index.php\/wp-json\/wp\/v2\/types\/product"}],"replies":[{"embeddable":true,"href":"https:\/\/topchometro.com.es\/index.php\/wp-json\/wp\/v2\/comments?post=100"}],"wp:featuredmedia":[{"embeddable":true,"href":"https:\/\/topchometro.com.es\/index.php\/wp-json\/wp\/v2\/media\/99"}],"wp:attachment":[{"href":"https:\/\/topchometro.com.es\/index.php\/wp-json\/wp\/v2\/media?parent=100"}],"wp:term":[{"taxonomy":"product_cat","embeddable":true,"href":"https:\/\/topchometro.com.es\/index.php\/wp-json\/wp\/v2\/product_cat?post=100"},{"taxonomy":"product_tag","embeddable":true,"href":"https:\/\/topchometro.com.es\/index.php\/wp-json\/wp\/v2\/product_tag?post=100"}],"curies":[{"name":"wp","href":"https:\/\/api.w.org\/{rel}","templated":true}]}}