{"id":126,"date":"2024-03-26T17:57:12","date_gmt":"2024-03-26T17:57:12","guid":{"rendered":"https:\/\/topchometro.com.es\/index.php\/producto\/b0cn6sptxf\/"},"modified":"2024-03-26T17:57:12","modified_gmt":"2024-03-26T17:57:12","slug":"b0cn6sptxf","status":"publish","type":"product","link":"https:\/\/topchometro.com.es\/index.php\/producto\/b0cn6sptxf\/","title":{"rendered":"B0CN6SPTXF"},"content":{"rendered":"<p>&#8211; \u231a\u3010Pantalla TFT HD de 1,52&#8243; &amp; Diales Personalizados\u3011S56 reloj inteligente adopta una pantalla a color TFT HD de 1,52\u00bb pulgadas, alta resoluci\u00f3n de 360 \u200b\u200bx 360, equipada con una pantalla redonda completamente t\u00e1ctil y mu\u00f1equera de silicona suave, que le brinda una visi\u00f3n clara y una experiencia de uso c\u00f3moda. Hay m\u00e1s de 200 esferas para elegir en la biblioteca de esferas, y tambi\u00e9n puedes cargar tu imagen favorita para personalizar la esfera.<br \/>\n&#8211; \u231a\u3010Multifunci\u00f3n &amp; Notificaci\u00f3n de Mensajes\u3011El smartwatch hombre incluye m\u00e1s de 110 modos de deporte, resistencia al agua IP68, monitorizaci\u00f3n de la frecuencia cardiaca, monitorizaci\u00f3n del sue\u00f1o, control de m\u00fasica y c\u00e1mara, recordatorio de sedentarismo, tiempo, despertador, calculadora, pod\u00f3metro, calor\u00edas, encontrar tel\u00e9fono, asistente de voz y muchas m\u00e1s funciones. Adem\u00e1s, cuando conectes el smartwatch a tu tel\u00e9fono m\u00f3vil, vibrar\u00e1 para avisarte y que no vuelvas a perderte ninguna informaci\u00f3n.<br \/>\n&#8211; \u231a\u301024H Mayordomo de Salud\u3011El reloj digital para hombres es compatible con la detecci\u00f3n de la frecuencia cardiaca y la monitorizaci\u00f3n del sue\u00f1o las 24 horas del d\u00eda, controla continuamente su frecuencia cardiaca diaria en tiempo real y tambi\u00e9n registra su sue\u00f1o (sue\u00f1o profundo, sue\u00f1o ligero y estado despierto). Puede ver los datos detallados en la aplicaci\u00f3n para ayudarle a ajustar su estilo de vida, mejorar su calidad de vida y mantenerse sano.<br \/>\n&#8211; \u231a\u3010110+ Modo Deportivo &amp; IP68 Impermeable\u3011El reloj deportivo para hombre ofrece 110 modos de ejercicio para satisfacer sus diversas necesidades de ejercicio; tambi\u00e9n registra el tiempo de ejercicio, la distancia, la frecuencia card\u00edaca y el consumo de calor\u00edas para ayudarle a ejercitarse cient\u00edficamente y alcanzar sus objetivos de fitness.La funci\u00f3n impermeable IP68 ayuda al smartwatch Sportsman a ser impermeable para todas las ocasiones diarias y de entrenamiento.<br \/>\n&#8211; \u231a\u3010Duraci\u00f3n de la Bater\u00eda S\u00faper Larga\u3011S56 smartwatch para hombre est\u00e1 equipado con una bater\u00eda de alta capacidad de 380 mAh que dura aproximadamente 7 d\u00edas con una carga completa y hasta 30 d\u00edas en modo de espera, lo que lo hace extremadamente c\u00f3modo para viajes de negocios y desplazamientos. El reloj es compatible con smartphones con Android 9.0 o iOS 10.0 o posterior y admite Bluetooth 4.0.<\/p>\n","protected":false},"excerpt":{"rendered":"<p><b>IDEALROYAL S56 Reloj Inteligente Hombre, 1.52&#8243; Smartwatch con Llamadas Bluetooth, Ox\u00edmetro, Monitor de Sue\u00f1o, Deportivos Impermeable IP68 Pulsera Actividad con 110+ Modos Deportivos para Android iOS<\/b><\/p>\n","protected":false},"featured_media":125,"comment_status":"open","ping_status":"closed","template":"","meta":[],"product_cat":[18],"product_tag":[],"class_list":{"0":"post-126","1":"product","2":"type-product","3":"status-publish","4":"has-post-thumbnail","6":"product_cat-sin-categorizar","8":"first","9":"instock","10":"shipping-taxable","11":"product-type-external"},"_links":{"self":[{"href":"https:\/\/topchometro.com.es\/index.php\/wp-json\/wp\/v2\/product\/126","targetHints":{"allow":["GET"]}}],"collection":[{"href":"https:\/\/topchometro.com.es\/index.php\/wp-json\/wp\/v2\/product"}],"about":[{"href":"https:\/\/topchometro.com.es\/index.php\/wp-json\/wp\/v2\/types\/product"}],"replies":[{"embeddable":true,"href":"https:\/\/topchometro.com.es\/index.php\/wp-json\/wp\/v2\/comments?post=126"}],"wp:featuredmedia":[{"embeddable":true,"href":"https:\/\/topchometro.com.es\/index.php\/wp-json\/wp\/v2\/media\/125"}],"wp:attachment":[{"href":"https:\/\/topchometro.com.es\/index.php\/wp-json\/wp\/v2\/media?parent=126"}],"wp:term":[{"taxonomy":"product_cat","embeddable":true,"href":"https:\/\/topchometro.com.es\/index.php\/wp-json\/wp\/v2\/product_cat?post=126"},{"taxonomy":"product_tag","embeddable":true,"href":"https:\/\/topchometro.com.es\/index.php\/wp-json\/wp\/v2\/product_tag?post=126"}],"curies":[{"name":"wp","href":"https:\/\/api.w.org\/{rel}","templated":true}]}}